{"id":7281,"date":"2023-06-08T10:48:24","date_gmt":"2023-06-08T08:48:24","guid":{"rendered":"https:\/\/paris-est-pfe.archi\/architecture-experience\/?page_id=7281"},"modified":"2023-06-08T10:48:24","modified_gmt":"2023-06-08T08:48:24","slug":"carte-2023","status":"publish","type":"page","link":"https:\/\/paris-est-pfe.archi\/architecture-experience\/","title":{"rendered":"Carte-2023"},"content":{"rendered":"","protected":false},"excerpt":{"rendered":"","protected":false},"author":77,"featured_media":0,"parent":0,"menu_order":0,"comment_status":"closed","ping_status":"closed","template":"page_CARTE.php","meta":[],"acf":[],"yoast_head":"<!-- This site is optimized with the Yoast SEO plugin v20.6 - https:\/\/yoast.com\/wordpress\/plugins\/seo\/ -->\n<title>Carte-2023 - Architecture &amp; Experience<\/title>\n<meta name=\"robots\" content=\"index, follow, max-snippet:-1, max-image-preview:large, max-video-preview:-1\" \/>\n<link rel=\"canonical\" href=\"https:\/\/paris-est-pfe.archi\/architecture-experience\/\" \/>\n<meta property=\"og:locale\" content=\"fr_FR\" \/>\n<meta property=\"og:type\" content=\"article\" \/>\n<meta property=\"og:title\" content=\"Carte-2023 - Architecture &amp; Experience\" \/>\n<meta property=\"og:url\" content=\"https:\/\/paris-est-pfe.archi\/architecture-experience\/\" \/>\n<meta property=\"og:site_name\" content=\"Architecture &amp; Experience\" \/>\n<meta name=\"twitter:card\" content=\"summary_large_image\" \/>\n<script type=\"application\/ld+json\" class=\"yoast-schema-graph\">{\"@context\":\"https:\/\/schema.org\",\"@graph\":[{\"@type\":\"WebPage\",\"@id\":\"https:\/\/paris-est-pfe.archi\/architecture-experience\/\",\"url\":\"https:\/\/paris-est-pfe.archi\/architecture-experience\/\",\"name\":\"Carte-2023 - Architecture &amp; Experience\",\"isPartOf\":{\"@id\":\"https:\/\/paris-est-pfe.archi\/architecture-experience\/#website\"},\"datePublished\":\"2023-06-08T08:48:24+00:00\",\"dateModified\":\"2023-06-08T08:48:24+00:00\",\"inLanguage\":\"fr-FR\",\"potentialAction\":[{\"@type\":\"ReadAction\",\"target\":[\"https:\/\/paris-est-pfe.archi\/architecture-experience\/\"]}]},{\"@type\":\"WebSite\",\"@id\":\"https:\/\/paris-est-pfe.archi\/architecture-experience\/#website\",\"url\":\"https:\/\/paris-est-pfe.archi\/architecture-experience\/\",\"name\":\"Architecture &amp; Experience\",\"description\":\"Projets de fin d\u2019\u00e9tudes de la fili\u00e8re de master Architecture &amp; Experience dirig\u00e9e par \u00c9ric Lapierre \u00e0 l&#039;\u00c9cole d&#039;architecture de la ville &amp; des territoires Paris-Est, \u00e9cole nationale sup\u00e9rieure d&#039;architecture relevant du minist\u00e8re de la Culture.\",\"potentialAction\":[{\"@type\":\"SearchAction\",\"target\":{\"@type\":\"EntryPoint\",\"urlTemplate\":\"https:\/\/paris-est-pfe.archi\/architecture-experience\/?s={search_term_string}\"},\"query-input\":\"required name=search_term_string\"}],\"inLanguage\":\"fr-FR\"}]}<\/script>\n<!-- \/ Yoast SEO plugin. -->","yoast_head_json":{"title":"Carte-2023 - Architecture &amp; Experience","robots":{"index":"index","follow":"follow","max-snippet":"max-snippet:-1","max-image-preview":"max-image-preview:large","max-video-preview":"max-video-preview:-1"},"canonical":"https:\/\/paris-est-pfe.archi\/architecture-experience\/","og_locale":"fr_FR","og_type":"article","og_title":"Carte-2023 - Architecture &amp; Experience","og_url":"https:\/\/paris-est-pfe.archi\/architecture-experience\/","og_site_name":"Architecture &amp; Experience","twitter_card":"summary_large_image","schema":{"@context":"https:\/\/schema.org","@graph":[{"@type":"WebPage","@id":"https:\/\/paris-est-pfe.archi\/architecture-experience\/","url":"https:\/\/paris-est-pfe.archi\/architecture-experience\/","name":"Carte-2023 - Architecture &amp; Experience","isPartOf":{"@id":"https:\/\/paris-est-pfe.archi\/architecture-experience\/#website"},"datePublished":"2023-06-08T08:48:24+00:00","dateModified":"2023-06-08T08:48:24+00:00","inLanguage":"fr-FR","potentialAction":[{"@type":"ReadAction","target":["https:\/\/paris-est-pfe.archi\/architecture-experience\/"]}]},{"@type":"WebSite","@id":"https:\/\/paris-est-pfe.archi\/architecture-experience\/#website","url":"https:\/\/paris-est-pfe.archi\/architecture-experience\/","name":"Architecture &amp; Experience","description":"Projets de fin d\u2019\u00e9tudes de la fili\u00e8re de master Architecture &amp; Experience dirig\u00e9e par \u00c9ric Lapierre \u00e0 l&#039;\u00c9cole d&#039;architecture de la ville &amp; des territoires Paris-Est, \u00e9cole nationale sup\u00e9rieure d&#039;architecture relevant du minist\u00e8re de la Culture.","potentialAction":[{"@type":"SearchAction","target":{"@type":"EntryPoint","urlTemplate":"https:\/\/paris-est-pfe.archi\/architecture-experience\/?s={search_term_string}"},"query-input":"required name=search_term_string"}],"inLanguage":"fr-FR"}]}},"_links":{"self":[{"href":"https:\/\/paris-est-pfe.archi\/architecture-experience\/wp-json\/wp\/v2\/pages\/7281"}],"collection":[{"href":"https:\/\/paris-est-pfe.archi\/architecture-experience\/wp-json\/wp\/v2\/pages"}],"about":[{"href":"https:\/\/paris-est-pfe.archi\/architecture-experience\/wp-json\/wp\/v2\/types\/page"}],"author":[{"embeddable":true,"href":"https:\/\/paris-est-pfe.archi\/architecture-experience\/wp-json\/wp\/v2\/users\/77"}],"replies":[{"embeddable":true,"href":"https:\/\/paris-est-pfe.archi\/architecture-experience\/wp-json\/wp\/v2\/comments?post=7281"}],"version-history":[{"count":1,"href":"https:\/\/paris-est-pfe.archi\/architecture-experience\/wp-json\/wp\/v2\/pages\/7281\/revisions"}],"predecessor-version":[{"id":7282,"href":"https:\/\/paris-est-pfe.archi\/architecture-experience\/wp-json\/wp\/v2\/pages\/7281\/revisions\/7282"}],"wp:attachment":[{"href":"https:\/\/paris-est-pfe.archi\/architecture-experience\/wp-json\/wp\/v2\/media?parent=7281"}],"curies":[{"name":"wp","href":"https:\/\/api.w.org\/{rel}","templated":true}]}}

<!-- This site is optimized with the Yoast SEO plugin v20.6 - https://yoast.com/wordpress/plugins/seo/ -->
<title>Carte-2023 - Architecture &amp; Experience</title>
<meta name="robots" content="index, follow, max-snippet:-1, max-image-preview:large, max-video-preview:-1" />
<link rel="canonical" href="https://paris-est-pfe.archi/architecture-experience/" />
<meta property="og:locale" content="fr_FR" />
<meta property="og:type" content="article" />
<meta property="og:title" content="Carte-2023 - Architecture &amp; Experience" />
<meta property="og:url" content="https://paris-est-pfe.archi/architecture-experience/" />
<meta property="og:site_name" content="Architecture &amp; Experience" />
<meta name="twitter:card" content="summary_large_image" />
<script type="application/ld+json" class="yoast-schema-graph">{"@context":"https://schema.org","@graph":[{"@type":"WebPage","@id":"https://paris-est-pfe.archi/architecture-experience/","url":"https://paris-est-pfe.archi/architecture-experience/","name":"Carte-2023 - Architecture &amp; Experience","isPartOf":{"@id":"https://paris-est-pfe.archi/architecture-experience/#website"},"datePublished":"2023-06-08T08:48:24+00:00","dateModified":"2023-06-08T08:48:24+00:00","inLanguage":"fr-FR","potentialAction":[{"@type":"ReadAction","target":["https://paris-est-pfe.archi/architecture-experience/"]}]},{"@type":"WebSite","@id":"https://paris-est-pfe.archi/architecture-experience/#website","url":"https://paris-est-pfe.archi/architecture-experience/","name":"Architecture &amp; Experience","description":"Projets de fin d’études de la filière de master Architecture &amp; Experience dirigée par Éric Lapierre à l&#039;École d&#039;architecture de la ville &amp; des territoires Paris-Est, école nationale supérieure d&#039;architecture relevant du ministère de la Culture.","potentialAction":[{"@type":"SearchAction","target":{"@type":"EntryPoint","urlTemplate":"https://paris-est-pfe.archi/architecture-experience/?s={search_term_string}"},"query-input":"required name=search_term_string"}],"inLanguage":"fr-FR"}]}</script>
<!-- / Yoast SEO plugin. -->

Projets de fin d’études de la filière de master Architecture &amp; Experience dirigée par Éric Lapierre à l&#039;École d&#039;architecture de la ville &amp; des territoires Paris-Est, école nationale supérieure d&#039;architecture relevant du ministère de la Culture.
