{"id":109,"date":"2020-05-25T17:59:34","date_gmt":"2020-05-25T15:59:34","guid":{"rendered":"http:\/\/paris-est-pfe.archi\/architecture_experience\/?page_id=109"},"modified":"2021-11-02T17:51:26","modified_gmt":"2021-11-02T16:51:26","slug":"carte-2021","status":"publish","type":"page","link":"https:\/\/paris-est-pfe.archi\/matiere-a-penser\/","title":{"rendered":"Carte-2021"},"content":{"rendered":"","protected":false},"excerpt":{"rendered":"","protected":false},"author":12,"featured_media":0,"parent":0,"menu_order":0,"comment_status":"closed","ping_status":"closed","template":"page_CARTE.php","meta":[],"acf":[],"yoast_head":"<!-- This site is optimized with the Yoast SEO plugin v20.6 - https:\/\/yoast.com\/wordpress\/plugins\/seo\/ -->\n<title>Mati\u00e8re \u00e0 penser<\/title>\n<meta name=\"description\" content=\"Projets de fin d&#039;\u00e9tudes de la fili\u00e8re de master Mati\u00e8re \u00e0 penser dirig\u00e9e par Marc Mimram \u00e0 l&#039;\u00c9cole d&#039;architecture de la ville &amp; des territoires Paris-Est, \u00e9cole nationale sup\u00e9rieure d&#039;architecture relevant du minist\u00e8re de la Culture.\" \/>\n<meta name=\"robots\" content=\"index, follow, max-snippet:-1, max-image-preview:large, max-video-preview:-1\" \/>\n<link rel=\"canonical\" href=\"https:\/\/paris-est-pfe.archi\/matiere-a-penser\/\" \/>\n<meta property=\"og:locale\" content=\"fr_FR\" \/>\n<meta property=\"og:type\" content=\"article\" \/>\n<meta property=\"og:title\" content=\"Mati\u00e8re \u00e0 penser\" \/>\n<meta property=\"og:description\" content=\"Projets de fin d&#039;\u00e9tudes de la fili\u00e8re de master Mati\u00e8re \u00e0 penser dirig\u00e9e par Marc Mimram \u00e0 l&#039;\u00c9cole d&#039;architecture de la ville &amp; des territoires Paris-Est, \u00e9cole nationale sup\u00e9rieure d&#039;architecture relevant du minist\u00e8re de la Culture.\" \/>\n<meta property=\"og:url\" content=\"https:\/\/paris-est-pfe.archi\/matiere-a-penser\/\" \/>\n<meta property=\"og:site_name\" content=\"Mati\u00e8re \u00e0 penser\" \/>\n<meta property=\"article:modified_time\" content=\"2021-11-02T16:51:26+00:00\" \/>\n<meta name=\"twitter:card\" content=\"summary_large_image\" \/>\n<script type=\"application\/ld+json\" class=\"yoast-schema-graph\">{\"@context\":\"https:\/\/schema.org\",\"@graph\":[{\"@type\":\"WebPage\",\"@id\":\"https:\/\/paris-est-pfe.archi\/matiere-a-penser\/\",\"url\":\"https:\/\/paris-est-pfe.archi\/matiere-a-penser\/\",\"name\":\"Mati\u00e8re \u00e0 penser\",\"isPartOf\":{\"@id\":\"https:\/\/paris-est-pfe.archi\/matiere-a-penser\/#website\"},\"datePublished\":\"2020-05-25T15:59:34+00:00\",\"dateModified\":\"2021-11-02T16:51:26+00:00\",\"description\":\"Projets de fin d'\u00e9tudes de la fili\u00e8re de master Mati\u00e8re \u00e0 penser dirig\u00e9e par Marc Mimram \u00e0 l'\u00c9cole d'architecture de la ville & des territoires Paris-Est, \u00e9cole nationale sup\u00e9rieure d'architecture relevant du minist\u00e8re de la Culture.\",\"breadcrumb\":{\"@id\":\"https:\/\/paris-est-pfe.archi\/matiere-a-penser\/#breadcrumb\"},\"inLanguage\":\"fr-FR\",\"potentialAction\":[{\"@type\":\"ReadAction\",\"target\":[\"https:\/\/paris-est-pfe.archi\/matiere-a-penser\/\"]}]},{\"@type\":\"BreadcrumbList\",\"@id\":\"https:\/\/paris-est-pfe.archi\/matiere-a-penser\/#breadcrumb\",\"itemListElement\":[{\"@type\":\"ListItem\",\"position\":1,\"name\":\"Accueil\",\"item\":\"https:\/\/paris-est-pfe.archi\/matiere-a-penser\/\"},{\"@type\":\"ListItem\",\"position\":2,\"name\":\"Carte-2021\"}]},{\"@type\":\"WebSite\",\"@id\":\"https:\/\/paris-est-pfe.archi\/matiere-a-penser\/#website\",\"url\":\"https:\/\/paris-est-pfe.archi\/matiere-a-penser\/\",\"name\":\"Mati\u00e8re \u00e0 penser\",\"description\":\"Projets de fin d&#039;\u00e9tudes de la fili\u00e8re de master Mati\u00e8re \u00e0 penser dirig\u00e9e par Marc Mimram \u00e0 l&#039;\u00c9cole d&#039;architecture de la ville &amp; des territoires Paris-Est, \u00e9cole nationale sup\u00e9rieure d&#039;architecture relevant du minist\u00e8re de la Culture.\",\"potentialAction\":[{\"@type\":\"SearchAction\",\"target\":{\"@type\":\"EntryPoint\",\"urlTemplate\":\"https:\/\/paris-est-pfe.archi\/matiere-a-penser\/?s={search_term_string}\"},\"query-input\":\"required name=search_term_string\"}],\"inLanguage\":\"fr-FR\"}]}<\/script>\n<!-- \/ Yoast SEO plugin. -->","yoast_head_json":{"title":"Mati\u00e8re \u00e0 penser","description":"Projets de fin d'\u00e9tudes de la fili\u00e8re de master Mati\u00e8re \u00e0 penser dirig\u00e9e par Marc Mimram \u00e0 l'\u00c9cole d'architecture de la ville & des territoires Paris-Est, \u00e9cole nationale sup\u00e9rieure d'architecture relevant du minist\u00e8re de la Culture.","robots":{"index":"index","follow":"follow","max-snippet":"max-snippet:-1","max-image-preview":"max-image-preview:large","max-video-preview":"max-video-preview:-1"},"canonical":"https:\/\/paris-est-pfe.archi\/matiere-a-penser\/","og_locale":"fr_FR","og_type":"article","og_title":"Mati\u00e8re \u00e0 penser","og_description":"Projets de fin d'\u00e9tudes de la fili\u00e8re de master Mati\u00e8re \u00e0 penser dirig\u00e9e par Marc Mimram \u00e0 l'\u00c9cole d'architecture de la ville & des territoires Paris-Est, \u00e9cole nationale sup\u00e9rieure d'architecture relevant du minist\u00e8re de la Culture.","og_url":"https:\/\/paris-est-pfe.archi\/matiere-a-penser\/","og_site_name":"Mati\u00e8re \u00e0 penser","article_modified_time":"2021-11-02T16:51:26+00:00","twitter_card":"summary_large_image","schema":{"@context":"https:\/\/schema.org","@graph":[{"@type":"WebPage","@id":"https:\/\/paris-est-pfe.archi\/matiere-a-penser\/","url":"https:\/\/paris-est-pfe.archi\/matiere-a-penser\/","name":"Mati\u00e8re \u00e0 penser","isPartOf":{"@id":"https:\/\/paris-est-pfe.archi\/matiere-a-penser\/#website"},"datePublished":"2020-05-25T15:59:34+00:00","dateModified":"2021-11-02T16:51:26+00:00","description":"Projets de fin d'\u00e9tudes de la fili\u00e8re de master Mati\u00e8re \u00e0 penser dirig\u00e9e par Marc Mimram \u00e0 l'\u00c9cole d'architecture de la ville & des territoires Paris-Est, \u00e9cole nationale sup\u00e9rieure d'architecture relevant du minist\u00e8re de la Culture.","breadcrumb":{"@id":"https:\/\/paris-est-pfe.archi\/matiere-a-penser\/#breadcrumb"},"inLanguage":"fr-FR","potentialAction":[{"@type":"ReadAction","target":["https:\/\/paris-est-pfe.archi\/matiere-a-penser\/"]}]},{"@type":"BreadcrumbList","@id":"https:\/\/paris-est-pfe.archi\/matiere-a-penser\/#breadcrumb","itemListElement":[{"@type":"ListItem","position":1,"name":"Accueil","item":"https:\/\/paris-est-pfe.archi\/matiere-a-penser\/"},{"@type":"ListItem","position":2,"name":"Carte-2021"}]},{"@type":"WebSite","@id":"https:\/\/paris-est-pfe.archi\/matiere-a-penser\/#website","url":"https:\/\/paris-est-pfe.archi\/matiere-a-penser\/","name":"Mati\u00e8re \u00e0 penser","description":"Projets de fin d&#039;\u00e9tudes de la fili\u00e8re de master Mati\u00e8re \u00e0 penser dirig\u00e9e par Marc Mimram \u00e0 l&#039;\u00c9cole d&#039;architecture de la ville &amp; des territoires Paris-Est, \u00e9cole nationale sup\u00e9rieure d&#039;architecture relevant du minist\u00e8re de la Culture.","potentialAction":[{"@type":"SearchAction","target":{"@type":"EntryPoint","urlTemplate":"https:\/\/paris-est-pfe.archi\/matiere-a-penser\/?s={search_term_string}"},"query-input":"required name=search_term_string"}],"inLanguage":"fr-FR"}]}},"_links":{"self":[{"href":"https:\/\/paris-est-pfe.archi\/matiere-a-penser\/wp-json\/wp\/v2\/pages\/109"}],"collection":[{"href":"https:\/\/paris-est-pfe.archi\/matiere-a-penser\/wp-json\/wp\/v2\/pages"}],"about":[{"href":"https:\/\/paris-est-pfe.archi\/matiere-a-penser\/wp-json\/wp\/v2\/types\/page"}],"author":[{"embeddable":true,"href":"https:\/\/paris-est-pfe.archi\/matiere-a-penser\/wp-json\/wp\/v2\/users\/12"}],"replies":[{"embeddable":true,"href":"https:\/\/paris-est-pfe.archi\/matiere-a-penser\/wp-json\/wp\/v2\/comments?post=109"}],"version-history":[{"count":7,"href":"https:\/\/paris-est-pfe.archi\/matiere-a-penser\/wp-json\/wp\/v2\/pages\/109\/revisions"}],"predecessor-version":[{"id":2796,"href":"https:\/\/paris-est-pfe.archi\/matiere-a-penser\/wp-json\/wp\/v2\/pages\/109\/revisions\/2796"}],"wp:attachment":[{"href":"https:\/\/paris-est-pfe.archi\/matiere-a-penser\/wp-json\/wp\/v2\/media?parent=109"}],"curies":[{"name":"wp","href":"https:\/\/api.w.org\/{rel}","templated":true}]}}